(n) = -2*n**2 - 48*n + 38. Let h be d(-20). What is the greatest common divisor of h and 22?
22
Let r be 0 + 0 + (-2)/(-1). Let w be (r/(-4))/((-1)/76). What is the greatest common factor of 19 and w?
19
Let j = -5 - -8. Suppose -2*h - 14 = -j*h. Calculate the greatest common divisor of h and 14.
14
Let u be -2 + 3 + 0 + 15. Calculate the greatest common factor of u and 40.
8
Suppose 149 - 24 = 5*j. Suppose 3*c - c = 74. Let s = c - j. Calculate the greatest common factor of s and 132.
12
Let z(l) = l**2 - 10*l + 8. Let p be z(6). Let n = 30 + p. Let q be (4 + -2)*63/6. What is the greatest common divisor of q and n?
7
Suppose 3*s - 4*n + 6 = 1, 0 = -2*s - 4*n + 30. Calculate the greatest common factor of s and 1.
1
Let d = 16 + -5. Let h(u) = -u**3 + 12*u**2 - 11*u + 2. Let p be h(d). Calculate the highest common divisor of 2 and p.
2
Suppose -8*n + 6*n + 108 = 0. Calculate the greatest common divisor of 594 and n.
54
Suppose -20 = -4*s, s + 232 = 5*x - 63. Let q(y) = -y**3 + 5*y**2 + 7*y + 6. Let w be q(6). Let b = w - 0. Calculate the greatest common divisor of b and x.
12
Suppose -68 = -4*m + 76. Let a(t) = -t**3 + 3*t**2 + 4*t + 4. Let b = 6 + -2. Let u be a(b). Calculate the greatest common divisor of m and u.
4
Suppose 4*j + 7 = 27. Suppose b - 10 = 5*a + 1, 75 = 5*b - j*a. What is the highest common factor of 2 and b?
2
Let n be -4 + (2448/10 - (-12)/(-15)). What is the greatest common factor of 20 and n?
20
Suppose m = 3*u + 2 - 3, 20 = 4*m. Let v be 2/(-3)*(-699)/u. Suppose 5*i - v - 87 = 0. What is the greatest common divisor of 8 and i?
8
Suppose 18 = b + 2*p, -17 - 30 = -3*b + p. Calculate the greatest common divisor of b and 56.
8
Let t(d) = -10*d + 22. Let q(l) = -4*l + 9. Let k(j) = -12*q(j) + 5*t(j). Let w be k(-5). What is the greatest common factor of w and 96?
12
Suppose -4*r + 72 + 36 = 0. Suppose -15 - 44 = -3*q + 5*b, 2*q - 41 = 5*b. Calculate the highest common factor of r and q.
9
Let w(k) = -7*k - 3. Let t be w(-3). Let g = 290 + -128. What is the highest common divisor of t and g?
18
Let o = 32 - 16. What is the highest common factor of 80 and o?
16
Suppose -g + 8 = g. Suppose -45 = -g*x + x. Calculate the highest common factor of x and 15.
15
Let x(k) = -61*k - 1. Let l be x(1). Let p = -40 - l. What is the highest common factor of p and 11?
11
Let f(t) = -t**3 - 7*t**2 + t - 1. Let v be f(-7). Let x = -6 - v. Suppose 195 = d + x*d. Calculate the greatest common divisor of d and 13.
13
Let k be (-1 - 13/(-7))/(45/420). Calculate the highest common divisor of k and 3.
1
Let h be ((-6)/(-10))/((-8)/(-120)). Suppose 1 = -4*t + h. Suppose -4*y + 5*m + 390 = 0, t*m - 6*m = y - 108. Calculate the greatest common factor of y and 20.
20
Suppose 4*r + 0*m = m + 29, 0 = -r - 3*m - 9. Suppose -5*w - 5 = -25. Let o = r - w. Calculate the greatest common factor of 8 and o.
2
Let j(x) = -3*x - 1. Let z be j(-3). Let v be 4*(-2)/(1 - 9). What is the highest common divisor of z and v?
1
Let z be -10*(-2 + 6/5). Let s = z - 5. Suppose -g = -s*g + 198. What is the highest common factor of g and 11?
11
Let i be -44*3/6*(0 + -8). What is the highest common factor of 16 and i?
16
Let z(p) = 2*p + 4. Let r be z(4). Let b be 21*((-20)/(-14))/1. Calculate the highest common factor of r and b.
6
Let l = 33 - 24. Suppose 11*j - l = 10*j. Calculate the greatest common factor of j and 27.
9
Let i = -10 - -17. Suppose 392 = -4*q + 11*q. Calculate the greatest common factor of q and i.
7
Let p be 1*(26/8 + 15/(-60)). Let y be 2/(-3) + 130/6. Calculate the greatest common divisor of y and p.
3
Let c(t) = -t**3 - 10*t**2 - 11*t - 13. Let k be c(-9). Let d be 8*(-15)/(2 - k). Calculate the greatest common factor of 60 and d.
20
Suppose 5*t = 2*t - 3. Let d(a) = -5*a**3 - 2*a - 1. Let r be d(t). What is the highest common divisor of 3 and r?
3
Let b(x) = x**3 + 10*x**2 - 14*x - 13. Let d be b(-11). Suppose -3*p + d = -37. Suppose -95 = t - 6*t. What is the highest common divisor of p and t?
19
Let q be -4 + 2/11 + (-11964)/(-22). What is the greatest common divisor of 54 and q?
54
Let c(z) = -z**3 - 7*z**2 - 4*z + 8. Let y be c(-7). Calculate the highest common divisor of 4 and y.
4
Let z = 19 - 13. Suppose 2*r = 2*j + z*r - 18, -22 = -3*j - 5*r. Let a = 1 - j. What is the highest common factor of 16 and a?
2
Suppose 0*b = -5*i + 5*b, b = 5. What is the greatest common divisor of 25 and i?
5
Let y(r) = -r**3 - 14*r**2 + 14*r + 2. Let t be y(-15). Calculate the greatest common factor of 187 and t.
17
Suppose 2*q - 6 = -s, 0 = -4*s + 7*q - 2*q - 41. Let m = 6 - s. Calculate the greatest common divisor of 4 and m.
2
Let j = -12 + 10. Let l be 3*(6/9 - j). Calculate the highest common divisor of l and 4.
4
Suppose 54 = -0*u + 3*u. What is the greatest common factor of 18 and u?
18
Suppose -4*x + 19 = -121. What is the highest common divisor of x and 7?
7
Suppose -5*s + 29 = 4*k - 191, 250 = 5*s - 2*k. What is the greatest common divisor of 12 and s?
12
Let k(o) = -o**2 - 21*o + 1. Let v be k(-18). Suppose 3*x + 11 = 4*x. What is the greatest common divisor of v and x?
11
Let x = -95 - -205. Calculate the highest common factor of x and 11.
11
Let a be 15/((-46)/(-22) + -2). What is the greatest common factor of 15 and a?
15
Let z(b) = -4*b - 25 + 17 + 18*b. Let l be z(7). Suppose -2*f - 119 = -3*h + 5, 2*h - 5*f = l. Calculate the greatest common factor of h and 60.
20
Let z = 37 + -13. Calculate the highest common divisor of 192 and z.
24
Let l(d) = 2*d**2 + 2. Let v be l(-3). Let r = -5 - -3. Let t be (r*2)/(1/(-2)). What is the highest common factor of t and v?
4
Let o = -193 + 56. Let v = -98 - o. Calculate the highest common factor of 13 and v.
13
Suppose 0 = -m + 6*m - 450. Calculate the greatest common divisor of 18 and m.
18
Let w(s) = -s**2 - 5*s - 4. Let o be w(-3). Let l(x) = x**2 + 2*x - 2. Let q be l(o). Calculate the greatest common divisor of q and 18.
6
Let x be 27 + (-2)/(1 + -3). Calculate the greatest common factor of 7 and x.
7
Let a be (35/(-2))/(1/(30/(-5))). Calculate the highest common divisor of 15 and a.
15
Suppose 3*q + q - 5*v + 9 = 0, -2*v + 6 = -4*q. Let f be 22 - (0/1)/q. What is the highest common divisor of f and 22?
22
Let f = 14 - 20. Let a be 6/(-4) + (-489)/f. Calculate the highest common factor of a and 20.
20
Let g = -11 - -20. Suppose -32 = -13*i + g*i. What is the greatest common factor of i and 16?
8
Let c be (6/9)/((-4)/(-798)). What is the highest common factor of c and 19?
19
Let f be (-14)/7*(-170)/4. Calculate the highest common divisor of 34 and f.
17
Suppose -4*l = -2*q - 12, -4*l + 4*q + q = 0. Suppose -11 - 309 = -l*w. Let d(s) = 15*s**2 + 1. Let m be d(1). What is the highest common divisor of m and w?
16
Let u(r) = -15*r + 15. Let q be u(-6). Calculate the highest common divisor of q and 45.
15
Let o be ((-240)/(-32))/(1/4). What is the greatest common factor of o and 90?
30
Let r(w) = -2*w**2 - 3*w - 1. Let f be r(-2). Let l be (2 - 16/6)*f. Suppose 8 = l*g + 4. Calculate the greatest common divisor of g and 18.
2
Suppose -6*u + 114 + 18 = 0. Calculate the highest common divisor of u and 99.
11
Let b(h) = h**2 - 3. Let m be b(3). What is the greatest common divisor of 54 and m?
6
Suppose 3*a = v + 68 + 748, 0 = a + v - 276. What is the greatest common divisor of a and 39?
39
Let l be (-4 - -3) + -1*(-68 - -2). Let c be (-12)/((-22)/26 + 1). Let f be ((-3)/(-9))/((-2)/c). What is the highest common factor of l and f?
13
Let j(s) = -5*s**2 + 2*s + 1. Let l be j(-1). Let a = l - -11. Suppose 0 = -f + q + 13 - a, -4*q - 23 = -f. Calculate the highest common factor of f and 3.
3
Let w be (-4)/3*(-3)/1. Let f be (-1)/(-3) + (-10)/(-15). Let z be 17 + -2 + f*-3. What is the highest common factor of z and w?
4
Let i(p) be the third derivative of -19*p**6/120 + p**5/60 + 2*p**2. Suppose 5*a - 2*a + 3 = 0. Let y be i(a). What is the highest common factor of y and 40?
20
Let u(h) = 2*h**2 + 9*h - 16. Let n be u(-6). What is the highest common divisor of 22 and n?
2
Suppose -169 - 51 = -4*c. What is the greatest common factor of c and 11?
11
Suppose u + 1 = 4. Suppose 2*i + u*i - 15 = 0. Suppose -v = -6*v + 5*c + 565, 3 = -i*c. Calculate the highest common factor of v and 14.
14
Suppose 0 = z - 2*z + 13. Let